(m) = 4*d(m) + 3*z(m). Let t(a) = 2*v(a) + 5*w(a). Determine t(-7).
-3
Let u(r) be the third derivative of 0 + 1/12*r**4 + 0*r + 5/3*r**3 + 24*r**2. Determine u(-7).
-4
Suppose 0 = -0*f + 5*f + 35. Let u(n) be the second derivative of n**3/6 + n**2/2 - 134*n. Determine u(f).
-6
Let o(t) = -7*t + 3. Let l(y) be the first derivative of -y**2/2 + y + 1. Let d(n) = 6*l(n) - o(n). Calculate d(-3).
0
Let m(l) = -5*l**2 - 11*l**3 + 9*l + l**3 + 14*l**2 + 4*l**3 + 11 + 7*l**3. Calculate m(-8).
3
Suppose 0 = 5*g + g + 144. Let u = -27 - g. Let w(r) = -r**2 - 5*r - 2. Give w(u).
4
Let c = 36 + -27. Let w(o) = o**2 - 3*o - 5. What is w(c)?
49
Let w(f) = f**2 - 6*f + 4. Suppose -3*b - 5*u + 23 = 0, 11 = b + b - u. Suppose -b*a = a - 28. Determine w(a).
-4
Let z(i) = -5*i**3 + 6*i**2 - 10*i + 4. Let m(k) = -6*k**3 + 7*k**2 - 11*k + 5. Let f(n) = -6*m(n) + 7*z(n). Give f(3).
13
Let k(h) = h + 23. Let f be k(-12). Suppose f = -4*v - 1. Let l be (-1)/3 - (-14)/v. Let i(t) = 2*t + 3. Give i(l).
-7
Let p(h) = -h**2 + 3*h - 6. Suppose -6*g + 99 = 5*g. Suppose -g = -2*j - 1. Give p(j).
-10
Let d(l) = -12*l - 91. Let y = -924 + 917. What is d(y)?
-7
Let q(v) be the second derivative of -v**3/3 - 15*v**2 + 74*v - 1. Determine q(-17).
4
Let g(c) = -6*c**2 + 3*c**2 + 3*c + 7 - 3. Let m(b) = b**3 - 8*b**2 + 3. Let w be -3*4/6 - -10. Let t be m(w). What is g(t)?
-14
Let w(v) = v**2 - 3. Let f = -6 - -10. Suppose f*b = 5*b + 3. What is w(b)?
6
Let i(u) = -u**3 + u**2 - u. Let x(y) = -5*y**3 + 22*y**2 - 7*y - 23. Let b(j) = -6*i(j) + x(j). What is b(-16)?
-7
Let c(u) = -u**2 + 8*u + 6. Let y(i) = -i**2 + 7*i + 5. Let q(g) = -2*c(g) + 3*y(g). Let w be q(4). Let h(p) = p**3 - 8*p**2 + 5*p + 10. Determine h(w).
-4
Let j(z) = 5*z**2 + z**3 - 2 - 4 + 2*z + 4. Suppose -3*q - 18 = b - 4, 2*q + 6 = b. Calculate j(q).
6
Let v(f) be the third derivative of -f**5/60 - 5*f**4/24 + f**3/3 - 738*f**2. What is v(-7)?
-12
Let w(g) be the third derivative of g**9/60480 - g**8/4032 + g**7/1680 + g**6/720 - g**5/10 + 26*g**2. Let k(c) be the third derivative of w(c). Calculate k(3).
-8
Let o(p) = p + 15. Let w = 42 + -60. What is o(w)?
-3
Let t(g) = 0 - 37662*g + 5 + 37666*g - 2 + 3. Determine t(-9).
-30
Let z(p) = -p**2 + 2 + 0*p - p + 5 - 6. Let n be (24/(-72))/(1 + 15/(-18)). What is z(n)?
-1
Let q(t) = t**2 + 8*t + 17. Let o be q(-7). Let i(g) = -2*g**2 + 14*g + 1. Calculate i(o).
-59
Let v(n) be the first derivative of -6*n**2 + 39. Suppose -3*b - 4 = -13. Let t be ((-2)/b)/(6/9). What is v(t)?
12
Let v(d) be the first derivative of d**2 - 29*d + 433. What is v(8)?
-13
Let t(n) be the second derivative of -1/6*n**3 + n**2 + 0 + 11*n + 1/6*n**4. What is t(-2)?
12
Let o = -1 - -3. Let t be 1/o*(9 + -5). Let x(w) = 3*w + 32. Let j(l) = 4. Let s(d) = -24*j(d) + 3*x(d). Give s(t).
18
Let r = -3 - -5. Suppose 0 = r*f + 3 - 13. Let l(y) = -y + 1. Calculate l(f).
-4
Let b(c) = 35*c - 627. Let k be b(18). Let d(u) = 4*u + 5. What is d(k)?
17
Let g(w) = -w**3 - 7*w**2 - 5*w + 4. Suppose -3*h + 3*j = -72, -3*h = 6*j - j - 40. Suppose -13 = -q + h. Suppose -3*n + p - q = 6*p, n + 4*p = -18. Give g(n).
-2
Let t(z) = -2*z**2 + 3*z + 88. Let u be t(-6). Let y(s) = -4*s + 3. Calculate y(u).
11
Let d(a) be the first derivative of -a**3/3 - 9*a**2/2 - 9*a - 6. Let k(l) be the third derivative of l**4/12 + 3*l**3 + l**2. Let b be k(-12). What is d(b)?
9
Let c(l) be the second derivative of l**5/20 + 2*l**4/3 - 5*l**3/3 - l**2 + 88*l. Calculate c(-9).
7
Let m(g) = -14*g**3 - 2*g**2 + 2*g. Suppose -2*f + 6 = -2*t, -3*f - 13 = -2*t - 23. What is m(t)?
-14
Let i(z) be the first derivative of z**5/120 + 5*z**4/12 + 2*z**3/3 - 12. Let f(m) be the third derivative of i(m). Let n = -1 - 5. Calculate f(n).
4
Let m(x) = -x + 3. Let j = -11 - -18. Suppose -3*s - j - 8 = 0. Let y(o) = o**2 + 4*o. Let t be y(s). Determine m(t).
-2
Let m(p) = 340*p - 88*p - 74*p - 78*p - 86*p + 5. What is m(-4)?
-51
Let m(x) = 23 - 3*x - 2*x**2 + 23 - 63 + 18. Determine m(-3).
-8
Let x(q) = -2*q**2 + 3*q - 3. Let o = -10 + 13. Suppose 3*b - o*c = 0, b + c - 3 = 1. Give x(b).
-5
Suppose -3*c = -5*l - 18, -4*c - l + 2 = c. Let v = 13 + -10. Let n(g) = -2*g - 6*g**3 + 5*g**3 - 3*g**v + g. Give n(c).
-5
Suppose -5*t = -2*h + 6, 4*h - 3*h = t. Let y(o) = o**3 - 2*o**2 - 2*o - 1. Let p(l) = -l**2 + l + 1. Let i(x) = 2*p(x) - y(x). Give i(t).
3
Let c(v) = -v**3 - 2*v**2 + 5*v - 3. Suppose 4*f + 6 = 34. Suppose -2 = -3*l + f. Suppose -l = q + 1. What is c(q)?
9
Suppose 8*i + 3*o = 4*i + 353, 0 = 5*i + 2*o - 436. Let t(j) = 172 + 2*j - i - 88. Give t(6).
10
Let y be (60/(-25))/((-3)/10). Let v(a) = -y*a + 3*a**2 - 4 + 6*a + 6*a - a**3 - a. What is v(4)?
-8
Let m(v) = 4*v + 6. Let l(t) = 3*t + 4. Let k(w) = 7*l(w) - 5*m(w). What is k(6)?
4
Let p(y) = 5*y**3 - 6*y**2 - 16*y + 12. Let r(t) = 11*t**3 - 11*t**2 - 33*t + 24. Let i(q) = 9*p(q) - 4*r(q). Give i(11).
1
Let d be 0 - 14 - -10 - -1*7. Let i(q) = -2*q**3 + 3*q**2 - 4*q + 1. Calculate i(d).
-38
Let b(y) = -3*y - 6*y**2 - 3*y**3 + 3 + 5*y**3 + 4*y**2. Let l(g) = -3*g**3 + 3*g**2 + 5*g - 5. Let f(k) = 8*b(k) + 5*l(k). Calculate f(-2).
-15
Let a(g) = 2*g**2 + 19*g + 3. Let z = 196 + -205. Calculate a(z).
-6
Suppose 2*s = 2*q + 2, 0*q = 5*s + 4*q - 14. Let g = -70 + 76. Let b(w) = -s*w + 3*w + g*w. Calculate b(-1).
-7
Let a(g) = -g**3 + 10*g**2 - 2. Suppose 105*o = 101*o + 40. What is a(o)?
-2
Suppose -4*f - 3*r = -18, 4*f + 2*r + 16 = 6*f. Suppose -29*y = -23*y - f. Let j(p) = -28*p**2 + p. What is j(y)?
-27
Suppose 32 = -h + 71. Let l be 325/h + (-1)/3. Let u(x) = -x**3 + 7*x**2 + 8*x - 9. Give u(l).
-9
Suppose -7*j = -5*j + 28. Let k = 12 + j. Let s be (k - -1) + (-24)/6. Let i(x) = -x - 5. Calculate i(s).
0
Let y be 7/(-3) - (-14)/(-21). Let s = 2 - -5. Let j(k) = 4*k**2 - k - 5. Let q(d) = 9*d**2 - 3*d - 11. Let p(u) = s*j(u) - 3*q(u). Calculate p(y).
1
Let n(o) = 6*o**2 + 33*o + 4. Let f(d) = -4*d**2 - 22*d - 3. Let a(w) = 7*f(w) + 5*n(w). Determine a(-5).
-6
Let t(i) be the first derivative of i**3/3 - 11*i**2/2 - 38*i + 97. What is t(14)?
4
Let x(m) = 8*m**2 - 23*m - 131. Let z(h) = 11*h**2 - 35*h - 195. Let q(j) = -7*x(j) + 5*z(j). What is q(-7)?
-9
Let y(t) be the first derivative of t**2/2 - 5*t + 2. Let b be 2/(-3)*(-39)/2. Let l = b + -8. Give y(l).
0
Let u(i) be the second derivative of 0 - 13*i - 1/4*i**5 - 1/6*i**3 - 1/12*i**4 - 1/2*i**2. What is u(-1)?
4
Let s(d) = -d**2 + 2*d. Let k(i) = 7*i**2 - 29*i + 13. Let o(p) = -k(p) - 6*s(p). Give o(12).
47
Let a(f) be the first derivative of 1/2*f**2 - 2*f + 8. Determine a(-6).
-8
Let t(w) = 2*w + 17. Let i(j) = -4*j + 21. Let r be i(8). Determine t(r).
-5
Suppose -30 + 18 = 12*u. Let n(q) = -32*q + 1. Give n(u).
33
Suppose -2*d + 3 = 3*h - 2, 0 = -4*h + 3*d + 35. Suppose h*g - 25 = g + 5*b, 4*g - 3*b = 23. Let n(x) = x**2 - 6*x - 2. Determine n(g).
-7
Let q(s) = 497 - 484 + 0*s + 7*s. Determine q(-3).
-8
Let l(z) = -2*z - 4. Let r(v) = -14*v - 24. Let y(k) = -8*l(k) + r(k). Give y(-10).
-12
Let o(m) = -5*m**2 - 4*m + 38. Let k(s) = -s**2 - s + 9. Let z(y) = -9*k(y) + 2*o(y). What is z(2)?
-7
Let t(c) = -2*c. Let u be -3 - ((-6)/4)/((-6)/8). Let p(w) be the third derivative of w**4/24 + w**2. Let o be p(u). Give t(o).
10
Let v(m) = 2 - m + 1 - 2 + 5. Let x be v(8). Let z(o) = -2*o**3 + o**2 + o**2 - 1 + 0*o**3 + 3*o**3 - o. Determine z(x).
1
Let z(p) = -3*p + 2. Suppose 4*s = 2*i - 253 - 89, 4*s + 312 = -4*i. Let m = 90 + s. What is z(m)?
-19
Let f(g) = -g. Let s(u) = -2*u - 4. Let n(y) = 3*f(y) - s(y). Let k = 76 - 66. Suppose 0 = -w + o - 1 + 3, -k = -5*o. Calculate n(w).
0
Let w(j) = 24*j - 5. Let t(r) = -6*r + 1. Let x(m) = -9*t(m) - 2*w(m). Suppose 4*q - 4*z + 2 - 10 = 0, 4*q - z - 5 = 0. Calculate x(q).
7
Let l(g) = -g + 2. Let x be ((-5)/10)/((-1)/(-76)). Let w be 14/(-133) - 156/x. What is l(w)?
-2
Let g(a) be the third derivative of -4*a**2 + 1/8*a**4 + 1/20*a**5 + 0 - a**3 + 0*a - 1/120*a**6. Suppose -5*l + 7 = -13. Determine g(l).
-10
Suppose 0 = -0*u - 4*u + 4. Let y(w) = -w**3. Let b(i) = 5*i**3 - 5*i**2 + 4*i. Let c(t) = u*b(t) + 6*y(t). Give c(-6).
12
Let j(r) = -r - 6. Suppose -5*x = -w - 25, 5*w + 5 = -3*x - 2*x. Suppose 3*b - 38 = -x*s, -3*b + 6*b - 3*s - 3 = 0. Determine j(b).
-12
Suppose -11*l + 45 = 34. Let 